
What is 63454 (base 15) in base 12?
13225a
Convert 1332230302 (base 5) to base 12.
117aab7
-12112100012 (base 3) to base 2
-11010100101000101
Convert 1000000101001010 (base 2) to base 6.
413122
Convert 101110000111011110000010 (base 2) to base 13.
26737ab
4140240 (base 5) to base 10
68195
What is -6eba5 (base 15) in base 2?
-1010110010101011110
What is 1142410044 (base 5) in base 2?
1010010011010101101001
Convert 18306b2 (base 12) to base 4.
103032123212
205317 (base 8) to base 10
68303
50601 (base 7) to base 10
12300
Convert -10c0b4a (base 13) to base 4.
-103232210012
Convert -1231423220 (base 5) to base 6.
-144134120
Convert 131423132 (base 6) to base 2.
1001111010111000100000
-2515314 (base 8) to base 5
-134214423
What is 2075a (base 15) in base 4?
121013332
-331346 (base 7) to base 15
-12368
What is -1b6b66 (base 12) in base 2?
-1110111010111111110
Convert 59c9a (base 15) to base 5.
33130340
What is -7b034 (base 12) in base 6?
-3304104
-3368304 (base 9) to base 8
-6734523
329051 (base 10) to base 14
87cb9
What is -1324924 (base 11) in base 16?
-22f303
-1110000111101011100 (base 2) to base 11
-296692
-1001110000000010111 (base 2) to base 13
-b257a
Convert 4533436 (base 7) to base 4.
2021132032
What is 23456 (base 14) in base 13?
30157
11312141 (base 5) to base 16
1966e
What is 1ba92b (base 16) in base 13?
4b6167
Convert 2124b (base 14) to base 6.
1414311
356107 (base 8) to base 6
2340251
-1dc95c (base 15) to base 14
-2a017a
-155c0b (base 14) to base 4
-2312020003
-1941052 (base 10) to base 14
-387548
Convert -31042112 (base 5) to base 2.
-111101101101101110
Convert 16bf3 (base 16) to base 14.
25d51
What is 1111001101110010000111 (base 2) in base 13?
a98637
Convert 101101001001110000111 (base 2) to base 15.
1e35c4
What is -667250 (base 9) in base 14?
-a557c
76748 (base 14) to base 16
4605c
Convert c8972 (base 15) to base 8.
2333330
What is 532807 (base 12) in base 9?
2417287
10010010110001001101 (base 2) to base 6
20515101
35ea (base 16) to base 13
6389
Convert 244324131 (base 5) to base 14.
22562c
What is 345354304 (base 6) in base 9?
13068204
-460246 (base 9) to base 6
-5524410
Convert -2421431 (base 6) to base 2.
-11111000110011011
Convert 26566074 (base 8) to base 5.
3011134331
42976 (base 12) to base 15
1b026
Convert -2202002001010 (base 3) to base 12.
-5a3926
-3001b40 (base 12) to base 7
-136112163
478ae0 (base 16) to base 13
c82132
Convert 4fb51f (base 16) to base 6.
303543503
-42252415 (base 7) to base 11
-2022764
Convert -24451302 (base 6) to base 2.
-10111111100000010110
2214231004 (base 5) to base 3
100002201021011
What is -10333112332 (base 4) in base 16?
-13f5be
Convert a532479 (base 11) to base 12.
6275470
What is 1021121012102 (base 3) in base 7?
5534342
What is -21220242 (base 5) in base 2?
-101011110011110111
Convert 3cb660 (base 14) to base 15.
2b8e8d
-10100010000111110001 (base 2) to base 3
-1020201220102
Convert 11100010011111100 (base 2) to base 11.
7a142
Convert 3a018b (base 14) to base 12.
80427b
Convert -5123937 (base 10) to base 11.
-298a765
Convert -58cb99 (base 14) to base 11.
-1790811
What is -1011100100000101 (base 2) in base 8?
-134405
Convert -1257130 (base 9) to base 16.
-a7dc3
-6b1524 (base 15) to base 3
-100122000002221
-103365 (base 12) to base 11
-164257
-400500 (base 8) to base 9
-220211
Convert 300232223300 (base 4) to base 2.
110000101110101011110000
What is 274056 (base 10) in base 14?
71c36
What is 8ae541 (base 16) in base 15?
bec13c
What is -3492422 (base 10) in base 11?
-1a759aa
What is -1304102423 (base 5) in base 4?
-30023003030
Convert 105cb (base 15) to base 5.
3130231
Convert 1100011110011000 (base 2) to base 14.
1489a
14a655 (base 12) to base 13
c33bc
Convert -111010101010100111110 (base 2) to base 15.
-27e8cb
-1545864 (base 11) to base 9
-4867547
Convert -4512453 (base 8) to base 15.
-190c90
4744247 (base 8) to base 12
52639b
Convert -102112002221 (base 3) to base 12.
-ab2ba
63136301 (base 7) to base 2
10100010010111011100101
Convert 773254 (base 12) to base 9.
3504031
Convert -bea9d (base 16) to base 13.
-214608
Convert 53654 (base 10) to base 6.
1052222
What is 2020337 (base 8) in base 13?
158612
What is 32100111301 (base 4) in base 16?
390571
What is 6474 (base 8) in base 4?
310330
739642 (base 13) to base 8
12244247
39ba6a (base 13) to base 14
2850c9
-2554124 (base 6) to base 7
-1120651
Convert -925e1 (base 15) to base 13.
-1330b1
15da85 (base 14) to base 13
20b543
-3327112 (base 9) to base 8
-6647533
Convert 212102110111020 (base 3) to base 10.
12448761
-6917c2 (base 14) to base 6
-204400022
-1254030 (base 9) to base 5
-133412122
Convert 1298d (base 15) to base 8.
164215
What is 30022302222 (base 4) in base 6?
152212110
10220120121021 (base 3) to base 4
13323112021
What is -12111122201021 (base 3) in base 15?
-3cbe67
What is -4191207 (base 12) in base 14?
-190426b
What is -7103623 (base 8) in base 12?
-762017
Convert 303922 (base 16) to base 10.
3160354
What is -4541267 (base 10) in base 9?
-8481402
Convert 23013113130 (base 4) to base 2.
1011000111010111011100
-215215451 (base 6) to base 2
-1110110101110101110111
Convert -90121 (base 12) to base 15.
-3a52d
What is -2124124011 (base 5) in base 7?
-53265214
Convert -a7360 (base 15) to base 10.
-530640
What is -101110001101011100 (base 2) in base 10?
-189276
What is 1143031 (base 5) in base 16?
5489
Convert 88807 (base 9) to base 15.
1271a
What is 1888a83 (base 11) in base 4?
30022210312
Convert -470329 (base 11) to base 16.
-b664d
Convert -1439146 (base 11) to base 5.
-1113044323
Convert 762dc (base 16) to base 6.
14213004
What is -31dc0 (base 15) in base 8?
-465223
Convert 4915601 (base 10) to base 9.
10221838
Convert -256350 (base 14) to base 15.
-1a5a6a
What is 134b97 (base 15) in base 3?
1202010002221
What is -643683 (base 10) in base 14?
-12a815
Convert 59522 (base 10) to base 12.
2a542
Convert -4919811 (base 11) to base 7.
-132533620
What is -6c7bb7 (base 14) in base 15?
-4d4176
-8838 (base 9) to base 4
-1211303
Convert -34433030 (base 6) to base 16.
-1034ca
-b33cd (base 15) to base 5
-121132433
-45552510 (base 6) to base 4
-11111203122
Convert -1110011001000111011 (base 2) to base 16.
-7323b
Convert -22333240 (base 5) to base 7.
-1456513
What is -39b0c1 (base 15) in base 12?
-b17754
-2063431 (base 8) to base 14
-104985
What is -105559 (base 10) in base 6?
-2132411
Convert 2d9c7 (base 16) to base 7.
1405450
-512316 (base 11) to base 12
-3382a2
What is 13aee2 (base 16) in base 5?
312234304
Convert -14207277 (base 9) to base 12.
-243165a
What is 22215 (base 6) in base 8?
6043
Convert -13514006 (base 9) to base 12.
-22a2ab0
Convert -1121314 (base 6) to base 10.
-57358
What is -560645 (base 9) in base 7?
-2564036
-d2bd5 (base 16) to base 8
-3225725
What is 45411342 (base 6) in base 15?
1c58ee
What is 1ab49 (base 14) in base 15?
15287
What is 44111 (base 9) in base 14?
a935
What is 100101111100110001 (base 2) in base 3?
21220020002
What is 42151202 (base 6) in base 9?
2270852
1405434 (base 9) to base 16
bc635
Convert -688791 (base 11) to base 7.
-12210335
What is 165656335 (base 7) in base 16?
ae17e6
What is 67356647 (base 8) in base 6?
1235351423
-55014 (base 11) to base 14
-21175
-42b06 (base 15) to base 8
-635423
What is -f51a (base 16) in base 9?
-105057
4d890 (base 15) to base 6
5153330
Convert 7160626 (base 8) to base 9.
3504334
What is -204501 (base 6) in base 9?
-24681
What is -5013033 (base 12) in base 6?
-1252320103
154524 (base 7) to base 4
13123233
Convert -1e2c4 (base 16) to base 4.
-132023010
-40020333 (base 5) to base 13
-acb0a
What is 44146161 (base 7) in base 12?
132b269
What is 226067 (base 9) in base 16?
211e7
Convert 2e28a (base 15) to base 9.
246444
Convert 2616421 (base 8) to base 10.
728337
What is -81040 (base 9) in base 12?
-26999
8a81c (base 16) to base 7
4552002
What is -a09976 (base 11) in base 5?
-403424121
What is 1ab948 (base 12) in base 4?
1310112020
What is -a433b (base 12) in base 5?
-23333001
-51bc (base 13) to base 15
-353e
What is -50032150 (base 6) in base 14?
-287986
Convert -67b2a (base 13) to base 10.
-188640
Convert 103097 (base 10) to base 12.
4b7b5
-76c85 (base 15) to base 5
-44034300
222144023 (base 5) to base 16
ee028
Convert 101101010110010100 (base 2) to base 4.
231112110
What is -100